e 15, what is e01b + -4?
e017
In base 5, what is -2011 + 32311?
30300
In base 4, what is -32 + 210313233?
210313201
In base 6, what is 5323 - -111?
5434
In base 16, what is 0 - -4104?
4104
In base 15, what is 5 - -27722?
27727
In base 15, what is -4 + ac?
a8
In base 11, what is 19 + -3231?
-3213
In base 15, what is 8cd + e?
8dc
In base 16, what is 2 + 13831?
13833
In base 16, what is 2 - 5c30?
-5c2e
In base 16, what is 4 + -7876?
-7872
In base 15, what is a41749 + -5?
a41744
In base 6, what is 3 + 1222552?
1222555
In base 7, what is 15 + -2032432?
-2032414
In base 11, what is -3 - -2138aa?
2138a7
In base 13, what is -96 - 666?
-72c
In base 7, what is 3 + -163513?
-163510
In base 4, what is 31333132 + 1010?
32000202
In base 3, what is -110221000 + 2?
-110220221
In base 15, what is 1eb + d5?
2d1
In base 10, what is -5 + -447?
-452
In base 11, what is 115 + -2509?
-23a4
In base 14, what is -38221 + 4?
-3821b
In base 6, what is -1 - -3401114?
3401113
In base 11, what is -59757 - -1?
-59756
In base 10, what is -5 + -194849?
-194854
In base 8, what is -701321 + 25?
-701274
In base 14, what is 5 - 922?
-91b
In base 14, what is 296 - 48?
24c
In base 8, what is 14 + -41520?
-41504
In base 10, what is 3 - -339710?
339713
In base 6, what is 34 + -232004?
-231530
In base 3, what is 0 - 1200120212?
-1200120212
In base 4, what is 30023002 - -2?
30023010
In base 11, what is 350 - -5988?
6228
In base 15, what is 1 - 168c?
-168b
In base 15, what is 9 - -133c?
1346
In base 8, what is 1533 + -744?
567
In base 6, what is -1010 - 34403?
-35413
In base 15, what is -6b2 + 28?
-689
In base 10, what is 107520 + -2?
107518
In base 3, what is -1221002001020 - 2?
-1221002001022
In base 9, what is -4 + -7280?
-7284
In base 14, what is 4761dd - -4?
476203
In base 7, what is -1055 - -15222?
14134
In base 10, what is -984 - -162?
-822
In base 8, what is 2 - -45651?
45653
In base 15, what is -311 + a7?
-259
In base 13, what is -5 - 627c?
-6284
In base 8, what is 267 - 6170?
-5701
In base 13, what is 900 - -b1?
9b1
In base 3, what is 20220 - -2121212?
2212202
In base 6, what is 351130214 - 1?
351130213
In base 13, what is -48b0 - -4?
-48a9
In base 13, what is -291 - 435?
-6c6
In base 16, what is 9ed8 - -11?
9ee9
In base 9, what is -141011 - 0?
-141011
In base 13, what is 1ba + -1119?
-c2c
In base 10, what is 94 + 513?
607
In base 10, what is 835679 - 4?
835675
In base 7, what is -165311 - 15?
-165326
In base 14, what is 100a + -17?
dd3
In base 11, what is 818 + 226?
a43
In base 16, what is b3 + -57?
5c
In base 13, what is 1c9354 - 5?
1c934c
In base 3, what is -21212202 + -100111?
-22020020
In base 16, what is 5dbf + -11?
5dae
In base 12, what is -42 + 1942?
1900
In base 11, what is a85 + 206?
1190
In base 8, what is -41060 - 23?
-41103
In base 16, what is 1c - 57?
-3b
In base 8, what is -27 + 22411?
22362
In base 9, what is -24 + -33468?
-33503
In base 4, what is -202 - 213133?
-220001
In base 6, what is -41401 - -3?
-41354
In base 15, what is 2 + -240a1?
-2409e
In base 15, what is 3 + -141?
-13d
In base 3, what is 11100101222 - 1?
11100101221
In base 4, what is 3 - -20211323?
20211332
In base 2, what is 10100101100110 - 0?
10100101100110
In base 14, what is 5 + -1d7c1?
-1d7ba
In base 16, what is 13f - -691?
7d0
In base 4, what is -1001223 - 2?
-1001231
In base 7, what is -55 - 4626?
-5014
In base 5, what is -41320 + 1221?
-40044
In base 4, what is -332112333 - 1?
-332113000
In base 13, what is -295 + -1c9?
-491
In base 2, what is -10010 - -1101101110000?
1101101011110
In base 4, what is 1 + 1103301?
1103302
In base 6, what is 10 - -1045312?
1045322
In base 14, what is -1501a + -1?
-1501b
In base 7, what is -2 - 43063?
-43065
In base 10, what is 73353 + 2?
73355
In base 10, what is -829129 - -2?
-829127
In base 3, what is 2011001020 - -11?
2011001101
In base 5, what is 1 + -3300223?
-3300222
In base 12, what is b + -6a4?
-695
In base 11, what is 3 + 7373?
7376
In base 2, what is 11 + 1101101001000011?
1101101001000110
In base 5, what is 230 + -1204?
-424
In base 8, what is 2 - -2624?
2626
In base 10, what is -10 - 47180?
-47190
In base 2, what is -1000101110 - -111110?
-111110000
In base 10, what is 103478 - 2?
103476
In base 15, what is 391 + -e?
382
In base 6, what is 2500 + 512?
3412
In base 16, what is aa + 1036?
10e0
In base 14, what is -3543b - 4?
-35441
In base 6, what is 110314 + 105?
110423
In base 5, what is -23404144 - 20?
-23404214
In base 2, what is 1 + 10000000010111110?
10000000010111111
In base 7, what is -2245 - -42133?
36555
In base 2, what is 11 - -10000100010011110?
10000100010100001
In base 5, what is -2324 - -30201?
22322
In base 12, what is 167331 - -4?
167335
In base 7, what is 4065263 + 0?
4065263
In base 12, what is -4 + -8b29?
-8b31
In base 13, what is 4 + -103a7?
-103a3
In base 4, what is 0 - 103323210?
-103323210
In base 5, what is 2 - 22340?
-22333
In base 8, what is -3 + -4625056?
-4625061
In base 13, what is -acb7 - 53?
-b03a
In base 6, what is -24543 - 3?
-24550
In base 16, what is -3 - -68899?
68896
In base 4, what is 10 + 30123101?
30123111
In base 3, what is 1102012222 + -12?
1102012210
In base 7, what is -113112210 - 4?
-113112214
In base 6, what is -400522 - 31?
-400553
In base 11, what is 112 - -131?
243
In base 3, what is -20121 - 1112021?
-1202212
In base 2, what is -110101011000 + 11?
-110101010101
In base 7, what is -5 - 402401?
-402406
In base 14, what is d0a - d2?
c18
In base 13, what is -1454b12 + 0?
-1454b12
In base 16, what is -1e2c - -3?
-1e29
In base 13, what is -4 - -19607?
19603
In base 12, what is -3068 + 112?
-2b56
In base 5, what is -1300 + 1242?
-3
In base 11, what is 25 + 2993?
2a08
In base 13, what is 16696 - -2?
16698
In base 3, what is 21 - 2012021112?
-2012021021
In base 3, what is -221011 + 21100100?
20102012
In base 14, what is -188 - -156?
-32
In base 5, what is -102444201 + -1?
-102444202
In base 3, what is 0 - 201221121100?
-201221121100
In base 9, what is 1460 - 0?
1460
In base 11, what is -770 - -7?
-764
In base 9, what is -307 + 11814?
11506
In base 12, what is -1711825 - -2?
-1711823
In base 7, what is -2 + 50255?
50253
In base 12, what is 7b - 14aa1?
-14a22
In base 7, what is 1 + 241350?
241351
In base 8, what is 32747 - 62?
32665
In base 2, what is -1000110 + -110110100101?
-110111101011
In base 9, what is -713123 + -3?
-713126
In base 3, what is 120 - -12220110200?
12220111020
In base 7, what is -121123 - 6?
-121132
In base 7, what is -46443 - 1033?
-50506
In base 14, what is 94 + -1704?
-1650
In base 8, what is -244 - -624?
360
In base 9, what is -66672 - 5?
-66677
In base 16, what is 1ad5e + -1a?
1ad44
In base 16, what is 82f6 - 2?
82f4
In base 7, what is 51506 + 1?
51510
In base 14, what is -2 + -85a?
-85c
In base 10, what is -4 + 9392?
9388
In base 16, what is -254 + -f9?
-34d
In base 3, what is -110 - 1210021010?
-1210021120
In base 2, what is 1100100 + -1001101?
10111
In base 3, what is 20021 + -2110?
10211
In base 16, what is -32 + -bf6?
-c28
In base 9, what is 2 + 16673?
16675
In base 5, what is -4 + -321434002?
-321434011
In base 15, what is 1116 - -7?
111d
In base 2, what is 110011101101 + 11?
110011110000
In base 13, what is c42a + 56?
c483
In base 11, what is -10620 + -5?
-10625
In base 11, what is -1388 - 1148?
-2525
In base 15, what is -1 + 276?
275
In base 3, what is -102202010201 + -12?
-102202010220
In base 2, what is 1 - 110001110111011?
-110001110111010
In base 10, what is 45252 - 14?
45238
In base 6, what is -4 + 2110405?
2110401
In base 12, what is 202461 - 2?
20245b
In base 12, what is 9048 - -20?
9068
In base 6, what is 3400354 - -12?
3400410
In base 11, what is 4 - 26429?
-26425
In base 11, what is 3 + 443?
446
In base 16, what is 4 - -27b2?
27b6
In base 5, what is -11 + 222003?
221442
In base 9, what is 1751272 + -4?
1751267
In base 11, what is -57433 + 3?
-57430
In base 16, what is -31 + 154c9?
15498
In base 6, what is 311 - -5533?
10244
In base 15, what is -4e1a35 + -4?
-4e1a39
In base 2, what is 110000111000100000011 + -10?
110000111000100000001
In base 8, what is -251 - -6475?
6224
In base 10, what is 20237 + 4?
20241
In base 2, what is -1111001 - 11111010110010?
-11111100101011
In base 9, what is -34 + -76713?
-76747
In base 11, what is -4 + 331290?
331287
In base 16, wh